f 213046052?
4
What is the ten thousands digit of 914048553?
4
What is the units digit of 201749012?
2
What is the hundreds digit of 14078179?
1
What is the units digit of 106010823?
3
What is the hundred millions digit of 197689382?
1
What is the billions digit of 2698871993?
2
What is the ten thousands digit of 284268391?
6
What is the hundreds digit of 22795484?
4
What is the ten thousands digit of 301052188?
5
What is the ten millions digit of 989422249?
8
What is the ten thousands digit of 862412430?
1
What is the hundred thousands digit of 726330127?
3
What is the thousands digit of 308213334?
3
What is the hundreds digit of 719367446?
4
What is the hundred thousands digit of 67835669?
8
What is the hundreds digit of 460419956?
9
What is the hundred thousands digit of 47517233?
5
What is the ten thousands digit of 48844961?
4
What is the ten millions digit of 2351308446?
5
What is the millions digit of 91718253?
1
What is the hundred millions digit of 1645026619?
6
What is the thousands digit of 16547838?
7
What is the ten millions digit of 164596668?
6
What is the thousands digit of 81191731?
1
What is the hundred thousands digit of 226459722?
4
What is the ten thousands digit of 422835097?
3
What is the hundred millions digit of 823076099?
8
What is the millions digit of 20214772?
0
What is the ten thousands digit of 36524211?
2
What is the tens digit of 115371046?
4
What is the millions digit of 13231268?
3
What is the millions digit of 374393722?
4
What is the thousands digit of 14658670?
8
What is the hundred millions digit of 2366379803?
3
What is the ten millions digit of 623684868?
2
What is the units digit of 7997015?
5
What is the ten millions digit of 318982148?
1
What is the thousands digit of 5012138916?
8
What is the ten millions digit of 365169612?
6
What is the millions digit of 144944576?
4
What is the ten thousands digit of 3898662933?
6
What is the hundreds digit of 34202127?
1
What is the units digit of 276721046?
6
What is the hundred thousands digit of 6679080?
6
What is the hundred thousands digit of 14604086?
6
What is the units digit of 185117898?
8
What is the billions digit of 1864412372?
1
What is the hundreds digit of 48064578?
5
What is the thousands digit of 58528951?
8
What is the ten millions digit of 695445498?
9
What is the millions digit of 789178304?
9
What is the hundred millions digit of 293896715?
2
What is the ten thousands digit of 39939680?
3
What is the millions digit of 1550651098?
0
What is the units digit of 409396999?
9
What is the hundred thousands digit of 648047104?
0
What is the millions digit of 122126492?
2
What is the tens digit of 3922055629?
2
What is the hundred thousands digit of 256984791?
9
What is the ten thousands digit of 1581961174?
6
What is the ten millions digit of 707327059?
0
What is the hundreds digit of 343969707?
7
What is the hundred millions digit of 201921596?
2
What is the hundreds digit of 215407577?
5
What is the units digit of 81077623?
3
What is the ten millions digit of 288279238?
8
What is the hundreds digit of 27822603?
6
What is the tens digit of 852007179?
7
What is the tens digit of 1115080491?
9
What is the hundred thousands digit of 13389379?
3
What is the thousands digit of 1090375440?
5
What is the millions digit of 14524943?
4
What is the ten millions digit of 802755144?
0
What is the ten millions digit of 863996834?
6
What is the ten millions digit of 861926880?
6
What is the ten thousands digit of 20036824?
3
What is the thousands digit of 219934617?
4
What is the millions digit of 15378819?
5
What is the billions digit of 6320438244?
6
What is the ten thousands digit of 1530558767?
5
What is the units digit of 1258084721?
1
What is the thousands digit of 475407769?
7
What is the units digit of 9105321?
1
What is the units digit of 4686035?
5
What is the hundreds digit of 33028177?
1
What is the hundreds digit of 41106571?
5
What is the ten thousands digit of 552464943?
6
What is the hundreds digit of 63048027?
0
What is the thousands digit of 700844104?
4
What is the hundred thousands digit of 975205164?
2
What is the tens digit of 149253798?
9
What is the thousands digit of 30239827?
9
What is the hundred millions digit of 898203518?
8
What is the tens digit of 473888339?
3
What is the tens digit of 7049841421?
2
What is the hundred millions digit of 154885870?
1
What is the units digit of 17680503?
3
What is the hundred thousands digit of 648216763?
2
What is the ten millions digit of 226679281?
2
What is the ten thousands digit of 511141569?
4
What is the tens digit of 248259196?
9
What is the hundred thousands digit of 2049518?
0
What is the units digit of 239605024?
4
What is the ten millions digit of 675192744?
7
What is the ten millions digit of 657864165?
5
What is the hundred thousands digit of 1143853168?
8
What is the tens digit of 110887890?
9
What is the hundred millions digit of 737459642?
7
What is the thousands digit of 807794166?
4
What is the millions digit of 97675603?
7
What is the tens digit of 1164138702?
0
What is the units digit of 216073592?
2
What is the ten thousands digit of 1893874727?
7
What is the millions digit of 5934886?
5
What is the tens digit of 130757466?
6
What is the hundred thousands digit of 15737434?
7
What is the units digit of 87334348?
8
What is the hundred thousands digit of 32115632?
1
What is the ten thousands digit of 492927939?
2
What is the hundred thousands digit of 42155201?
1
What is the thousands digit of 44312638?
2
What is the millions digit of 6221059262?
1
What is the units digit of 2748032678?
8
What is the tens digit of 1482873751?
5
What is the hundreds digit of 1285957434?
4
What is the tens digit of 39291858?
5
What is the hundred thousands digit of 1557935376?
9
What is the hundred millions digit of 2364593603?
3
What is the ten thousands digit of 30320561?
2
What is the millions digit of 1148744306?
8
What is the ten thousands digit of 740698409?
9
What is the ten millions digit of 4050416156?
5
What is the ten thousands digit of 129488491?
8
What is the thousands digit of 4039658937?
8
What is the thousands digit of 796041754?
1
What is the thousands digit of 903140263?
0
What is the hundred thousands digit of 50855186?
8
What is the hundred thousands digit of 854154769?
1
What is the ten millions digit of 59617480?
5
What is the thousands digit of 786716110?
6
What is the hundred thousands digit of 5442613374?
6
What is the ten thousands digit of 1754381302?
8
What is the hundred millions digit of 3343151415?
3
What is the millions digit of 67066936?
7
What is the ten millions digit of 1761502179?
6
What is the tens digit of 903170632?
3
What is the hundreds digit of 794955485?
4
What is the thousands digit of 84016903?
6
What is the ten millions digit of 57366303?
5
What is the hundreds digit of 380056852?
8
What is the hundred thousands digit of 524616022?
6
What is the units digit of 40657624?
4
What is the thousands digit of 32600260?
0
What is the tens digit of 2262032129?
2
What is the hundred thousands digit of 25782819?
7
What is the units digit of 875012903?
3
What is the hundred thousands digit of 54523736?
5
What is the millions digit of 1029946636?
9
What is the thousands digit of 37680280?
0
What is the ten thousands digit of 1462328365?
2
What is the tens digit of 386936742?
4
What is the ten millions digit of 514747352?
1
What is the tens digit of 377929966?
6
What is the ten thousands digit of 124658282?
5
What is the hundred thousands digit of 135996273?
9
What is the thousands digit of 94264024?
4
What is the units digit of 216347069?
9
What is the units digit of 741005543?
3
What is the thousands digit of 168885028?
5
What is the tens digit of 5052320269?
6
What is the hundred thousands digit of 2526126160?
1
What is the units digit of 379540165?
5
What is the hundred thousands digit of 6543834?
5
What is the hundreds digit of 279851470?
4
What is the hundred millions digit of 208641336?
2
What is the ten millions digit of 101667978?
0
What is the hundreds digit of 522160163?
1
What is the hundred thousands digit of 179136431?
1
What is the ten thousands digit of 1173707?
7
What is the hundred millions digit of 111554485?
1
What is the hundred thousands